ns digit of h?
3
Let x(l) = -l - 25. Let t be x(0). Let j = 84 + t. What is the units digit of j?
9
Let l = 222 - 489. Let j = -73 - l. What is the tens digit of j?
9
What is the tens digit of (1 - (-5862)/24) + (-6)/(-8)?
4
Suppose 8*d + 12 - 60 = 0. Suppose 2000 = d*w + 2*w. What is the hundreds digit of w?
2
Let c(h) = 2*h**3 - 13*h**2 + 21*h - 9. Let p(b) = -b**3 + 6*b**2 - 11*b + 5. Let z = 6 + -9. Let g(r) = z*c(r) - 5*p(r). What is the units digit of g(8)?
2
Let m(p) = p**3 - 19*p**2 + 36*p - 290. What is the units digit of m(21)?
8
Let g = 30 + -12. Let h be (32/(-12))/2*g. Let m = 37 + h. What is the tens digit of m?
1
Suppose 5 + 0 = o. Let c(q) = 7*q + 10. Let p(y) = -y + 1. Let d(n) = c(n) + 4*p(n). What is the units digit of d(o)?
9
Let g be (-4)/(4 + (-9)/2). Suppose 366 = -2*k + g*k. What is the units digit of k?
1
Let q(c) be the third derivative of -59*c**4/24 - 23*c**2. What is the tens digit of q(-2)?
1
Let l(k) = 6*k**3 - 6*k**2 - 2*k + 3. Let w(v) = 3*v**2 + 38*v - v**3 - 3*v**2 - 37*v. Let x(z) = -l(z) - 5*w(z). What is the units digit of x(3)?
5
Let l = -84 - -404. What is the units digit of l?
0
Let q(u) = -u - 9. Let x be q(-9). Let g(v) = -2*v + x - 2*v - 4. What is the units digit of g(-3)?
8
Suppose -5*z + 2 = -6*z, -3*d = -3*z - 4839. What is the thousands digit of d?
1
Let q(o) = o**3 + 4*o**2 + o - 3. Let j be q(-3). Suppose -j*u = -a + 8, 3*u = -4*a + a - 12. Let b(i) = -4*i + 2. What is the units digit of b(a)?
6
Let x(c) be the third derivative of c**5/60 - c**4/3 + 2*c**2. What is the tens digit of x(-6)?
8
Suppose -6*x + 2753 = 29. What is the tens digit of x?
5
Let j = -28 + 47. Suppose 3*p + j = i, -2*i + p + 4*p = -38. What is the tens digit of i?
1
Let i(r) = -9*r + 8. Suppose 0 = 2*k + 4*a, -15 = -3*k - 2*a + a. Let c = -11 + k. What is the tens digit of i(c)?
5
Suppose t = -5*g - t + 3453, -4*g = -t - 2752. What is the hundreds digit of g?
6
Let r(t) = 2340*t - 40. What is the hundreds digit of r(2)?
6
Let o(k) = -60*k - 50. Let n be 0 + ((-3)/4 - 39/12). What is the hundreds digit of o(n)?
1
Let o(s) = -15*s - 7. Let l(r) = r. Let q(f) = -2*l(f) + o(f). What is the units digit of q(-3)?
4
What is the thousands digit of 5018/1 + (-50)/(-25)?
5
Let a be 24/(0 - 3/(-6)). Suppose 0 = -4*b + 56 + a. What is the units digit of b?
6
Suppose 5080 = -q + 2*q - u, -4*u - 4 = 0. What is the thousands digit of q?
5
Let r(f) = 5*f - 5. Let l be r(10). Let h = 93 - l. What is the tens digit of h?
4
Let c(z) = -z - 2. Let b be c(-3). Let m be 12*b + 2/1. Suppose 16 = 2*u - m. What is the tens digit of u?
1
Suppose a = 3*g - 2*g, 2*a = g + 2. Suppose 0 = 2*u - 6, 5*x - x - 5*u = 13. Suppose -x = -a*p + 29. What is the units digit of p?
8
Let d be (-881)/(-6) + 9/54. Suppose d = c + c + f, -4*f + 12 = 0. What is the tens digit of c?
7
What is the tens digit of (3 - -2*(-6 + 7)) + 1313?
1
Let a = 2281 - 1080. What is the thousands digit of a?
1
Suppose -4*q = -6*q + 4*k + 10, 0 = -5*q - 3*k + 77. Let j = -18 + q. Let h(l) = -l**3 - 5*l**2 - 4*l - 3. What is the units digit of h(j)?
7
Suppose 2*c = 4*s + 3*c - 10, -5*s + 21 = -3*c. Suppose 0 = -o + s*p - 9 + 104, 2*o - 223 = -5*p. What is the units digit of o?
4
Let r = 11 + -5. Let u(i) = i**3 - 4*i**2 - 11*i + 2. Let t be u(r). Suppose 2*j - t*j = -270. What is the tens digit of j?
4
Let b(k) = -k + 12. Let n be b(6). Let h = n - 16. Let c = 15 + h. What is the units digit of c?
5
Let c be 3 + 4 - 2/(-1). Let y = 12 + c. What is the units digit of y?
1
Let y = 13 - 8. Suppose -k = 2*k + 5*s - 479, s = y*k - 845. Suppose 2*o + k = 6*o. What is the tens digit of o?
4
Suppose 528 = 3*u - 4*g, -3*u + 83 + 421 = 4*g. What is the hundreds digit of u?
1
Let d(c) = -5*c - 2*c**2 + 49 - 40 + 5*c**2. What is the units digit of d(4)?
7
Suppose x = 762 + 177. What is the hundreds digit of x?
9
Let p be 1/3 - (-251)/3. What is the tens digit of (36 - 1)*p/20?
4
Suppose a + 3 = x, 2*x + 6*a - 3*a = 1. Suppose 0 = c + v - 1, -4*v = -v + 6. Suppose -2*w - 64 = -x*g, 3*w = -c*g + 82 + 38. What is the units digit of g?
6
Let p(q) = -q**2 + 7*q - 7. Let j be p(5). Suppose 4*y + 3*a + 30 = 4, -j*y - 21 = 3*a. What is the tens digit of 4*((-150)/4)/y?
3
Let f(w) = -w**3 + 9*w**2 - 13*w**2 + 10*w - 2*w**2. Let h be f(-8). Suppose 0 = p + p - h. What is the units digit of p?
4
Let x(r) = 2*r**2 + 6*r + 4. Suppose -h - 16 = -20. What is the units digit of x(h)?
0
Let j(y) = y**3 - 11*y**2 - 7*y - 9. Let i(c) = 2*c**3 - 22*c**2 - 13*c - 17. Let h(o) = 6*i(o) - 13*j(o). What is the units digit of h(12)?
7
Let v(t) = -t**3 + 8*t**2 - 7*t. Let n be v(7). Let m = n - -4. Suppose 2*r + 146 = m*l, -3*l + r = -96 - 11. What is the tens digit of l?
3
Let u = 52 + -333. Let d = u - -529. What is the units digit of d?
8
Suppose -6*k + 57 + 21 = 0. Suppose 0 = -5*s + k*s - 136. What is the tens digit of s?
1
Suppose 347 - 77 = 6*m. Let q = m + -34. What is the tens digit of q?
1
Let h be (1162/28)/((-1)/(-2)). Let s = 48 + h. What is the units digit of s?
1
Let f = 184 - 130. Let j = 79 - f. What is the tens digit of j?
2
Suppose l - 98 = -0*l - o, -l + o = -88. What is the units digit of l?
3
Suppose 0 = -y + 4*l - 0 + 12, -l - 3 = -5*y. Let c(q) = -5*q + 151. What is the tens digit of c(y)?
5
Suppose 19*r = 43*r - 11616. What is the hundreds digit of r?
4
Suppose 0*l = 4*l + 20, 4*w = 3*l + 279. Let o = 62 + w. Suppose -4*d = -2*j - o, -3*d - 4*j + 8*j = -106. What is the tens digit of d?
3
Suppose 4601 + 4271 = 4*k. What is the units digit of k?
8
Suppose -5*y = -78 + 18. Let n be 974/y + 2/(-12). Let f = n + -38. What is the units digit of f?
3
Suppose -4*g + 970 = 5*a, -a + 194 = -15*g + 10*g. What is the tens digit of a?
9
Let w(x) = -x**2 + 5*x + 20. Let g be w(8). What is the units digit of 10/g*(8 - 16)?
0
Suppose 0 = 4*t - 5*w - 3683, -5*t = -t + w - 3689. What is the tens digit of t?
2
Suppose 0 = -4*w - 4*a + 6880, -23*w + 1696 = -22*w - 5*a. What is the hundreds digit of w?
7
Suppose 41008 = -12*h + 34*h. What is the units digit of h?
4
Suppose 0 = -40*x + 44*x - 8. Suppose -6*b = -2*b - 5*c - 344, 0 = x*b - 3*c - 174. What is the units digit of b?
1
What is the units digit of (-30)/((-30)/3) - -139?
2
Suppose 2*t - 78 = t. Let j be 2/12 - t/36. Let h(y) = -15*y - 2. What is the tens digit of h(j)?
2
Suppose -258 - 82 = 4*z - 3*g, 0 = -3*z + g - 260. Let c = 154 + z. What is the units digit of c?
6
Suppose 4*n + 12 = -16. Suppose -5*q + 64 - 4 = 0. Let h = q + n. What is the units digit of h?
5
Suppose -3*t = -3*v - 567, 0*t - t - 2*v + 204 = 0. What is the units digit of t?
4
What is the tens digit of ((-5)/(-4))/((-2471)/(-308) + -8)?
5
Let l be 2/14*3 + (-102)/238. Suppose 0 = 3*z - l*z - 279. What is the tens digit of z?
9
What is the units digit of ((-14)/5 - -2)*(-225)/2?
0
Suppose 20*l = 18*l - 8. What is the hundreds digit of 12/l + 7/(35/1375)?
2
Let q be (1 - -3 - 1) + -158. Let y = q - -232. What is the units digit of y?
7
Let i = 266 + 74. Suppose -7*m = -11*m + i. What is the units digit of m?
5
Let c = 1043 + -715. What is the units digit of c?
8
Let u be ((-9)/(-36))/(1/136). Suppose u*k + 6 = 35*k. What is the units digit of k?
6
Let q = 28 + -24. Suppose 15 = q*k - 261. What is the units digit of k?
9
Suppose -3*w + 847 = 5*v - 2226, -4*w = -v + 610. What is the tens digit of v?
1
Suppose -h + 9 = 3*y, 4*h - 3*y - 4 = y. Suppose 0 = -2*j - 0*j + 5*k - 10, h*j = -k + 19. Let w(c) = 3*c + 10. What is the tens digit of w(j)?
2
Let n = 2358 - 1178. What is the tens digit of n?
8
Let g be 6/(-21) - (-2)/((-70)/(-185)). Suppose 3*f = 26 + 241. Suppose -g*v - 14 = -f. What is the units digit of v?
5
Let a be -5 + (4 - 3) - -7. What is the units digit of 16/((-5 + a)/(-12))?
6
Let s(v) = 5*v**2 - v - 1. Suppose 5*u = 3*m + 17, u - 7 + 4 = m. Let h be s(m). Suppose -10 = -5*n, 4 = 5*x + n - h. What is the units digit of x?
1
Suppose -14*g = -1093 - 3975. What is the units digit of g?
2
Let o(k) = -k**3 - 14*k**2 + 17*k + 18. Let h be o(-15). Let u = h + 36. What is the units digit of u?
4
Suppose 24 = 3*c - 4*l, -c + 0*c = -3*l - 13. Let y(p) = -p**2 - 19 + c*p + 5 + 5*p + 8. What is the units digit of y(8)?
2
Let j(m) = 2*m**2 - 35*m + 354. What is the units digit of j(-35)?
9